s is divided by 10.
9
Calculate the remainder when 1 - ((-3)/3 - 22) is divided by 7.
3
Suppose -39 = -u - 7. Calculate the remainder when u is divided by (0 - -1) + (-40)/(-4).
10
Suppose 7*h = 4*h + 135. Let q(f) = f**3 - 6*f**2 + 3*f - 6. What is the remainder when h is divided by q(6)?
9
Let p(d) = -3*d**3 + d**2 - d - 1. What is the remainder when 114 is divided by p(-2)?
27
Suppose 11 - 2 = 3*p. Suppose -u - 3*w + 29 = 0, 2*u + p*w + 12 = 79. Suppose 4*b = 8 + 44. Calculate the remainder when u is divided by b.
12
Let c(t) = t**2 + 5*t - 4. Let p be c(-6). Suppose -5*q = -2*z - p*z - 83, q - 5*z - 25 = 0. What is the remainder when 43 is divided by q?
13
Suppose -16 = -5*p + p, 5*a + p - 29 = 0. Let z be 11/9 + 22/(-99). Suppose 3*y - 5 = z. Calculate the remainder when a is divided by y.
1
Suppose -153 = 4*w - 7*w + 3*k, 4*w - 2*k - 200 = 0. Suppose 2*v = -v + 102. Let l = 47 - v. What is the remainder when w is divided by l?
10
Let v = 216 + -88. Let k = v - 70. What is the remainder when k is divided by 20?
18
Suppose -4*y - 16 = -x + 8, x - 19 = -y. Calculate the remainder when 18 is divided by 1/(1*2/x).
8
Let y(a) = a**3 + 13*a**2 - 8*a - 17. What is the remainder when y(-13) is divided by 22?
21
Let l(m) = 2*m**2 - 4*m + 3. Let j be l(3). Suppose -16 = 4*d, -2*d - 21 = -5*p + 52. What is the remainder when p is divided by 61/j + (-2)/(-9)?
6
Let p be 1*(-2 - -2)/(-2). Suppose -h + 6*h - 4*q = 10, p = -q. Suppose 91 = h*w - 15. What is the remainder when w is divided by 14?
11
Suppose -3*l - 2*l - 2*j + 35 = 0, -l + 20 = 3*j. What is the remainder when 13 is divided by l?
3
Suppose -2*q + 41 = 15. Suppose 11 = 3*j - 2*c, j = 2*j + 2*c - 9. Calculate the remainder when q is divided by j.
3
Suppose 2*u = 4*j + 12, 6 = 2*u - 2. What is the remainder when (-2035)/(-44) - j/(-4) is divided by 12?
10
Let k = -8 - -14. Let l = k - 6. Suppose -2*u + 0*u = 4*m - 18, 5*u + 4*m - 33 = l. What is the remainder when u is divided by 2?
1
Let p be 7/(3/6*2). Suppose p = -5*c + 52. Suppose 4*x - 20 = 0, 5*x + 63 = 5*a + 8. Calculate the remainder when a is divided by c.
7
Suppose -5*p - 48 = 12. Let w = p - -40. Calculate the remainder when w is divided by 15.
13
Let y be ((2 - 2) + 1)*30. Suppose 11*w - 6*w - y = 0. Calculate the remainder when 9 is divided by w.
3
Suppose -3*g = -25 - 11. Let w(n) = -n**2 + 16*n. Calculate the remainder when w(g) is divided by 17.
14
Let l(s) = s - s**2 - 2 + 4 + 0*s. Let q be l(-3). Let j = -4 - q. Calculate the remainder when 16 is divided by j.
4
Let r(q) = q**2 - 5*q + 1. Let m = -30 + 38. What is the remainder when r(7) is divided by m?
7
Let f(d) = -9*d + d + 3 - 6 + d. Calculate the remainder when f(-3) is divided by 5.
3
Suppose 7*t = 4*t + 3*g + 18, 3*g = -3*t + 18. Calculate the remainder when 125 is divided by t.
5
Suppose m = -2*m + 27. Let y = -2 - -4. Suppose -t - 5*k = -15, 54 = y*t + 2*k - 4*k. What is the remainder when t is divided by m?
7
What is the remainder when 21 is divided by (-22)/(-2)*(1 + 0)?
10
Suppose 5*z = 3*p + z - 12, 3*z + 9 = 4*p. Suppose -r + 3 = p, -5*a + 2*r - 3*r = 12. Calculate the remainder when 3 is divided by 3/(a/(-2))*1.
1
Suppose -164 = 2*b - 3*b. Suppose -5*u + u = 4*o - b, u - 51 = 4*o. What is the remainder when u is divided by 11?
10
Suppose u + 4*t - 2 - 12 = 0, -3*u = t - 31. What is the remainder when 39 is divided by u?
9
Suppose 184 = 2*g - 2*y, 126 - 28 = g + y. Calculate the remainder when g is divided by 7.
4
Let k = -10 - -25. Suppose -5*f - 9 + 299 = 0. What is the remainder when f is divided by k?
13
Let d = -1 + 2. Suppose -d = 3*l + 5. What is the remainder when 37 is divided by (-26)/l - 0/1?
11
What is the remainder when 98 is divided by (-9)/27 + 2/6 + 33?
32
Let l(b) = b**2 + 8*b + 1. Calculate the remainder when l(-16) is divided by 11.
8
Let g(n) = -n**2 + 24*n - 8. What is the remainder when 57 is divided by g(23)?
12
Suppose 3*j + r - 12 = 5, 4*j - 3*r = 40. Let l(q) = -7*q - 2. Let m(p) = -p**2 + p. Let x be m(2). Calculate the remainder when l(x) is divided by j.
5
Let f = -9 + 18. What is the remainder when 7 + (-16)/(-4) + 4 is divided by f?
6
Suppose j = 3*j - 8. Let b(m) = 2*m + 3. Let h(c) = c**2 + c - 2. Let g be h(2). What is the remainder when b(g) is divided by j?
3
What is the remainder when 24 is divided by 56/6 - 2/6?
6
Let w(b) = -b**2 - 8*b - 9. What is the remainder when 11 is divided by w(-6)?
2
Let o(h) = h**2 + 1. Let p be o(-3). Let i = -4 + p. Calculate the remainder when 11 is divided by i.
5
Suppose -2*d - d = -21. Let x(n) = n**3 + 5*n**2 - 3*n - 2. Calculate the remainder when x(-3) is divided by d.
4
Let v be 1*(-9)/(-3) - 0. Suppose 0 = -v*t + t. Let j = 2 - t. Calculate the remainder when j is divided by 2.
0
Suppose -3*o = -2*d + 15, 2*o = -3*o - 15. Suppose -d*a + 61 = -2*a. What is the remainder when a is divided by 4/(((-2)/(-8))/1)?
13
Calculate the remainder when (-1)/((-5)/(-4))*-60 is divided by 5.
3
Let v(c) = 4*c**2 + 3*c - 4. Let i be v(-3). Let b = -9 + i. Calculate the remainder when b is divided by 6.
2
Let l be (-4)/(-10) - (-52)/20. Suppose 6*b - 21 = l*b. Calculate the remainder when 20 is divided by b.
6
Let t(u) = 14*u + 5 - 5 - 1. What is the remainder when t(2) is divided by 10?
7
Let h = -11 - -11. Suppose -3*m + 36 + 78 = h. Let p(r) = r**3 + 4*r**2 - 5*r. Calculate the remainder when m is divided by p(-4).
18
Let d(f) be the third derivative of f**5/60 - f**4/3 - 5*f**3/6 + f**2. Let q be d(8). Let u = q + 8. Calculate the remainder when 7 is divided by u.
1
Let a be 6/15 - (-6)/10. Let r = 11 - a. Let w = -21 + 50. Calculate the remainder when w is divided by r.
9
Let n = 32 + -20. What is the remainder when 43 is divided by n?
7
Let t = -10 + 2. Let k = 61 + -27. What is the remainder when k is divided by t/44 + (-200)/(-11)?
16
Let d be 4/6 - 86/(-6). Calculate the remainder when 6 is divided by (-24)/d*(-15)/6.
2
Suppose -5*h + 41 = -3*v, -4*h + 34 = 3*v + 12. What is the remainder when 9 is divided by h?
2
Let f = 37 + -11. Suppose 2*h - f = 4. Calculate the remainder when 29 is divided by h.
14
Let b = 17 - 14. Suppose 5*u + 5*x = -5, b*u + 6 - 19 = x. What is the remainder when 4 + (1 + -1)/1 is divided by u?
1
Suppose -5*f = -10, -3*n = -n - 2*f - 78. Calculate the remainder when n is divided by 9.
5
Let w be (9 - 0)/(-3) + 17. Calculate the remainder when w + 3 + -2*2 is divided by 8.
5
Suppose 4*g + 4*l - 20 = 0, 3*g - l + 1 = 4*l. Suppose -g*w = -5*f - 4 + 2, -f = -5. Calculate the remainder when 17 is divided by w.
8
Let p(r) = r + 9. What is the remainder when p(7) is divided by 6?
4
Suppose 2*h = -2*u + 64, 4*h - 3*h - u = 36. Let q(i) = -i**2 + 10*i - 6. Calculate the remainder when (h - 1) + (-5)/(-5) is divided by q(6).
16
Let l = 32 + -13. Let s = -3 + 58. What is the remainder when s is divided by l?
17
Suppose t = 2*z + 90, -4*t - 3*z + 300 = z. Calculate the remainder when t is divided by 12.
8
Let l = -11 + 14. Suppose -o + 2*t = -0*t - 46, -3*t - 129 = -l*o. What is the remainder when o is divided by 11?
7
Let x be 71 + (0 - 0 - 2). Suppose 5*u - 5*n = 60, -4*n + x = -0*u + 5*u. What is the remainder when 49 is divided by u?
10
Let d(i) = -3*i**3 - 5*i**2 - 4*i + 1. Calculate the remainder when d(-2) is divided by 5.
3
Suppose 4*y + 20 = -y, 5*r = -2*y + 52. Suppose -8 = -3*q - q. What is the remainder when -17*(q + -3)*2 is divided by r?
10
Let u(h) = 2*h**2 - 10*h + 1. Calculate the remainder when u(7) is divided by 6.
5
Suppose 3*t - t = 6. What is the remainder when 9 is divided by t?
0
Let a(b) = 2*b**2 + 11*b + 10. Calculate the remainder when a(-8) is divided by 18.
14
Let c = 4 + -2. Suppose -3*z - c*k - 17 = -154, 0 = -z + 4*k + 55. Suppose z = 5*v - 38. Calculate the remainder when v is divided by 9.
8
Suppose 15 = 4*f - 5. Suppose 26 = 5*g + 2*l, -3*g + 26 = -f*l + l. Calculate the remainder when 17 is divided by g.
5
Suppose -12*x + 663 = -177. What is the remainder when x is divided by 13?
5
Let v be (-2)/((-2)/(-5) + 0). Calculate the remainder when v/(-2) + (-1)/2 is divided by 28/(-49) - (-18)/7.
0
Suppose -3*v + 21 = -78. Calculate the remainder when v is divided by 12.
9
Calculate the remainder when ((-33)/(-4))/(((-25)/(-40))/5) is divided by 2